 8) to base 11
-14
11 (base 10) to base 3
102
-32 (base 12) to base 15
-28
What is 11020 (base 3) in base 4?
1302
Convert 100 (base 3) to base 12.
9
Convert 11011001 (base 2) to base 10.
217
-80 (base 13) to base 8
-150
-40 (base 6) to base 12
-20
Convert 5 (base 15) to base 8.
5
1004 (base 6) to base 4
3130
What is -150 (base 7) in base 8?
-124
2102 (base 3) to base 8
101
Convert 102 (base 3) to base 11.
10
-100 (base 3) to base 12
-9
What is 4 (base 12) in base 9?
4
Convert -10 (base 11) to base 7.
-14
What is -10 (base 4) in base 13?
-4
Convert -d0 (base 16) to base 5.
-1313
Convert -28 (base 11) to base 3.
-1010
Convert 43 (base 13) to base 11.
50
Convert -25 (base 9) to base 4.
-113
What is 17 (base 11) in base 14?
14
What is 62 (base 14) in base 9?
105
What is 15 (base 7) in base 8?
14
Convert -100 (base 8) to base 13.
-4c
What is -c (base 15) in base 10?
-12
-5 (base 11) to base 16
-5
Convert 12 (base 8) to base 5.
20
What is 11 (base 3) in base 11?
4
Convert 24 (base 7) to base 2.
10010
-8 (base 11) to base 9
-8
-127 (base 9) to base 14
-78
What is 111 (base 3) in base 5?
23
3 (base 10) to base 3
10
-36 (base 7) to base 4
-123
-9 (base 14) to base 15
-9
-5 (base 16) to base 3
-12
What is 3 (base 15) in base 13?
3
Convert -2 (base 14) to base 7.
-2
Convert 65 (base 10) to base 7.
122
Convert 1004 (base 5) to base 9.
153
Convert 153 (base 6) to base 2.
1000101
9 (base 12) to base 11
9
What is b (base 15) in base 14?
b
Convert -120 (base 3) to base 13.
-12
Convert -16 (base 10) to base 14.
-12
Convert 340 (base 6) to base 16.
84
Convert 10001010 (base 2) to base 7.
255
2 (base 6) to base 2
10
What is 5 (base 7) in base 4?
11
What is 1 (base 3) in base 10?
1
What is -5b (base 15) in base 9?
-105
60 (base 9) to base 15
39
What is -1001010 (base 2) in base 15?
-4e
What is -46 (base 8) in base 9?
-42
-1 (base 6) to base 5
-1
What is -26 (base 12) in base 5?
-110
Convert 54 (base 15) to base 8.
117
What is -1 (base 3) in base 5?
-1
Convert 12 (base 3) to base 16.
5
1 (base 12) to base 16
1
33 (base 6) to base 11
1a
125 (base 6) to base 11
49
What is 63 (base 9) in base 14?
41
What is 20 (base 5) in base 2?
1010
Convert 0 (base 5) to base 7.
0
-10111 (base 2) to base 4
-113
1010 (base 2) to base 11
a
Convert 4 (base 14) to base 6.
4
Convert 10 (base 6) to base 16.
6
What is 1 (base 7) in base 14?
1
-72 (base 8) to base 10
-58
Convert 5 (base 8) to base 7.
5
What is -17 (base 16) in base 2?
-10111
7 (base 9) to base 6
11
-12 (base 3) to base 7
-5
Convert 101 (base 12) to base 7.
265
1010 (base 3) to base 15
20
What is -1 (base 4) in base 11?
-1
-1 (base 15) to base 14
-1
What is 10 (base 3) in base 14?
3
What is -4 (base 15) in base 11?
-4
30 (base 14) to base 15
2c
Convert 1 (base 4) to base 8.
1
-2 (base 6) to base 9
-2
What is -1221 (base 3) in base 9?
-57
Convert -14 (base 15) to base 16.
-13
-11 (base 3) to base 15
-4
110 (base 4) to base 14
16
What is 23 (base 11) in base 8?
31
1012 (base 4) to base 6
154
What is -120 (base 5) in base 11?
-32
Convert 2b (base 16) to base 3.
1121
What is 2 (base 10) in base 9?
2
What is 2011 (base 3) in base 5?
213
Convert -1 (base 15) to base 13.
-1
401 (base 5) to base 14
73
38 (base 14) to base 9
55
33 (base 4) to base 3
120
-2 (base 6) to base 13
-2
What is 17 (base 10) in base 12?
15
Convert 250 (base 6) to base 14.
74
-67 (base 13) to base 11
-78
-2 (base 14) to base 8
-2
What is -7 (base 11) in base 2?
-111
Convert a (base 12) to base 15.
a
3 (base 11) to base 6
3
Convert 7 (base 15) to base 13.
7
What is 180 (base 14) in base 11?
260
Convert 4 (base 15) to base 7.
4
Convert -10010 (base 2) to base 4.
-102
135 (base 9) to base 8
161
-110111 (base 2) to base 14
-3d
What is 4 (base 12) in base 11?
4
What is -24 (base 9) in base 10?
-22
Convert -101 (base 14) to base 15.
-d2
-13 (base 4) to base 14
-7
What is -1 (base 15) in base 8?
-1
-33 (base 9) to base 11
-28
Convert -10111 (base 2) to base 8.
-27
What is 90 (base 13) in base 8?
165
What is -3 (base 13) in base 11?
-3
4 (base 11) to base 10
4
102 (base 5) to base 6
43
Convert 3 (base 14) to base 2.
11
Convert 3 (base 15) to base 13.
3
What is -33 (base 13) in base 7?
-60
What is 11 (base 8) in base 15?
9
-2 (base 15) to base 8
-2
What is -1f (base 16) in base 13?
-25
-11 (base 6) to base 16
-7
-220 (base 7) to base 4
-1300
What is 13 (base 13) in base 4?
100
What is -39 (base 16) in base 13?
-45
What is 72 (base 12) in base 9?
105
What is 0 (base 9) in base 5?
0
-15 (base 10) to base 12
-13
What is 4 (base 16) in base 4?
10
-1 (base 2) to base 9
-1
What is -9 (base 16) in base 14?
-9
Convert -8 (base 9) to base 4.
-20
What is -25 (base 16) in base 7?
-52
Convert 274 (base 10) to base 8.
422
319 (base 10) to base 11
270
What is -5 (base 11) in base 10?
-5
What is -2222 (base 4) in base 13?
-101
What is -13 (base 8) in base 6?
-15
40 (base 11) to base 5
134
10 (base 4) to base 9
4
Convert -2 (base 4) to base 13.
-2
-24 (base 11) to base 5
-101
Convert b (base 12) to base 3.
102
Convert 59 (base 16) to base 9.
108
What is 87 (base 9) in base 15?
54
cb (base 13) to base 2
10100111
Convert 20 (base 15) to base 3.
1010
Convert -44 (base 6) to base 4.
-130
What is 1 (base 4) in base 2?
1
Convert -1334 (base 5) to base 12.
-163
-8a (base 12) to base 9
-127
What is 0 (base 13) in base 9?
0
What is 1 (base 2) in base 5?
1
Convert 110100 (base 2) to base 10.
52
Convert -16 (base 7) to base 14.
-d
What is -10 (base 3) in base 5?
-3
Convert 2033 (base 4) to base 10.
143
What is -1110 (base 2) in base 4?
-32
15 (base 15) to base 12
18
Convert 30 (base 9) to base 6.
43
What is 1 (base 2) in base 9?
1
Convert 4 (base 10) to base 6.
4
-11 (base 3) to base 14
-4
Convert 24 (base 15) to base 8.
42
Convert -2100 (base 4) to base 2.
-10010000
-2 (base 4) to base 15
-2
What is 111 (base 4) in base 13?
18
What is -4e (base 16) in base 2?
-1001110
What is 5b (base 13) in base 16?
4c
-4 (base 10) to base 11
-4
Convert 1 (base 13) to base 8.
1
112 (base 3) to base 12
12
-7 (base 12) to base 8
-7
Convert -14 (base 6) to base 3.
-101
-1132 (base 4) to base 8
-136
Convert 87 (base 9) to base 2.
1001111
What is -14 (base 7) in base 10?
-11
What is -27 (base 14) in base 3?
-1022
-3 (base 14) to base 6
-3
What is 1 (base 3) in base 9?
1
What is 20 (base 4) in base 10?
8
3a (base 14) to base 6
124
Convert -87 (base 16) to base 14.
-99
Convert -1b (base 14) to base 7.
-34
4 (base 11) to base 8
4
Convert 1 (base 7) to base 13.
1
0 (base 9) to base 3
0
What is 23 (base 6) in base 15?
10
2 (base 13) to base 14
2
-1 (base 16) to base 6
-1
Convert 220 (base 3) to base 5.
44
52 (base 16) to base 11
75
Convert 20 (base 3) to base 10.
6
What is -1 (base 15) in base 6?
-1
What is -4 (base 6) in base 3?
-11
Convert 200 (base 6) to base 12.
60
What is 110 (base 3) in base 4?
30
Convert a (base 11) to base 10.
10
-3 (base 9) to base 13
-3
Convert 0 (base 12) to base 3.
0
What is -1 (base 2) in base 5?
-1
17 (base 8) to base 16
f
What is 7 (base 14) in base 15?
7
What is 83 (base 9) in base 8?
113
Convert -100 (base 2) to base 5.
-4
Convert 27 (base 8) to base 12.
1b
What is -25 (base 11) in base 4?
-123
-16 (base 14) to base 16
-14
Convert 3c (base 15) to base 4.
321
What is -1a (base 13) in base 4?
-113
What is 16 (base 12) in base 3?
200
-2 (base 10) to base 3
-2
9 (base 10) to base 13
9
What is 1 (base 12) in base 13?
1
Convert -1001101 (base 2) to base 11.
-70
Convert 2 (base 16) to base 4.
2
Convert -b (base 14) to base 5.
-21
What is 131 (base 7) in base 13?
56
Convert -4 (base 12) to base 8.
-4
-4 (base 10) to base 12
-4
Convert -11101011 (base 2) to base 11.
-1a4
Convert 9 (base 13) to base 9.
10
-233 (base 7) to base 13
-95
What is 12 (base 7) in base 11?
9
-10120 (base 3) to base 5
-341
What is -16 (base 13) in base 4?
-103
What is -11 (base 4) in base 9?
-5
What is 4 (base 14) in base 3?
11
-4 (base 16) to base 10
-4
-10101011 (base 2) to base 10
-171
What is 3 (base 5) in base 4?
3
What is 3 (base 15) in base 12?
3
What is -5 (base 15) in base 10?
-5
Convert 22 (base 3) to base 12.
8
What is 2c (base 13) in base 9?
42
What is 10 (base 2) in base 16?
2
Convert 24 (base 12) to base 7.
40
Convert -42 (base 5) to base 10.
-22
-110 (base 2) to base 10
-6
Convert 30 (base 9) to base 